 tens digit of 2766558?
5
What is the ten millions digit of 20893506?
2
What is the units digit of 258943?
3
What is the hundred thousands digit of 514738?
5
What is the units digit of 7499410?
0
What is the units digit of 2295318?
8
What is the tens digit of 88588?
8
What is the units digit of 78091?
1
What is the thousands digit of 612309?
2
What is the tens digit of 38249231?
3
What is the ten thousands digit of 5728824?
2
What is the thousands digit of 341306?
1
What is the units digit of 1760066?
6
What is the units digit of 6981219?
9
What is the hundred thousands digit of 164453?
1
What is the tens digit of 742549?
4
What is the units digit of 9146795?
5
What is the hundreds digit of 5420732?
7
What is the hundred thousands digit of 2459595?
4
What is the units digit of 624501?
1
What is the ten thousands digit of 185754?
8
What is the hundreds digit of 1946209?
2
What is the hundred thousands digit of 4503630?
5
What is the hundred thousands digit of 107307?
1
What is the ten millions digit of 37619815?
3
What is the units digit of 91420?
0
What is the ten millions digit of 15962259?
1
What is the ten thousands digit of 20714130?
1
What is the hundreds digit of 11860516?
5
What is the hundred thousands digit of 154352?
1
What is the hundreds digit of 433537?
5
What is the ten thousands digit of 829880?
2
What is the millions digit of 3669091?
3
What is the millions digit of 1040817?
1
What is the hundreds digit of 627018?
0
What is the hundreds digit of 920921?
9
What is the units digit of 143716?
6
What is the hundreds digit of 7996247?
2
What is the tens digit of 8796658?
5
What is the thousands digit of 308603?
8
What is the ten thousands digit of 440566?
4
What is the millions digit of 7168414?
7
What is the tens digit of 813855?
5
What is the ten thousands digit of 33956925?
5
What is the ten thousands digit of 12633587?
3
What is the tens digit of 348372?
7
What is the thousands digit of 524768?
4
What is the units digit of 48842?
2
What is the tens digit of 282111?
1
What is the ten thousands digit of 8695848?
9
What is the ten thousands digit of 293719?
9
What is the thousands digit of 1672698?
2
What is the hundred thousands digit of 163560?
1
What is the hundred thousands digit of 149932?
1
What is the ten thousands digit of 327761?
2
What is the hundred thousands digit of 16820624?
8
What is the units digit of 777643?
3
What is the units digit of 2431069?
9
What is the units digit of 8473445?
5
What is the millions digit of 5692478?
5
What is the hundreds digit of 12630365?
3
What is the hundred thousands digit of 608045?
6
What is the hundred thousands digit of 2360201?
3
What is the hundreds digit of 361953?
9
What is the hundred thousands digit of 2304767?
3
What is the thousands digit of 569992?
9
What is the ten thousands digit of 2267063?
6
What is the tens digit of 4273090?
9
What is the tens digit of 343586?
8
What is the ten thousands digit of 661742?
6
What is the hundreds digit of 4609920?
9
What is the tens digit of 317965?
6
What is the thousands digit of 3469237?
9
What is the units digit of 5267036?
6
What is the tens digit of 4012824?
2
What is the millions digit of 1298870?
1
What is the units digit of 233010?
0
What is the tens digit of 158951?
5
What is the tens digit of 1013846?
4
What is the millions digit of 15153558?
5
What is the thousands digit of 112135?
2
What is the tens digit of 321595?
9
What is the units digit of 8171494?
4
What is the units digit of 168940?
0
What is the millions digit of 1357279?
1
What is the ten thousands digit of 406167?
0
What is the hundreds digit of 1667814?
8
What is the ten thousands digit of 513714?
1
What is the hundred thousands digit of 1139063?
1
What is the units digit of 380967?
7
What is the ten thousands digit of 1501865?
0
What is the ten thousands digit of 273633?
7
What is the ten thousands digit of 95211?
9
What is the millions digit of 3116381?
3
What is the millions digit of 2259514?
2
What is the hundred thousands digit of 131528?
1
What is the hundred thousands digit of 296161?
2
What is the thousands digit of 123061?
3
What is the units digit of 69742?
2
What is the tens digit of 8122229?
2
What is the units digit of 3503302?
2
What is the tens digit of 129805?
0
What is the hundreds digit of 218215?
2
What is the ten thousands digit of 460410?
6
What is the units digit of 61278?
8
What is the hundred thousands digit of 789059?
7
What is the tens digit of 285938?
3
What is the millions digit of 2700172?
2
What is the tens digit of 90562?
6
What is the millions digit of 4841198?
4
What is the hundred thousands digit of 5751458?
7
What is the hundred thousands digit of 21655529?
6
What is the units digit of 8367285?
5
What is the hundreds digit of 23117429?
4
What is the tens digit of 40164?
6
What is the units digit of 327578?
8
What is the tens digit of 1429237?
3
What is the units digit of 6526861?
1
What is the ten thousands digit of 604651?
0
What is the tens digit of 266825?
2
What is the units digit of 872724?
4
What is the thousands digit of 2290771?
0
What is the hundred thousands digit of 4837597?
8
What is the ten thousands digit of 2568635?
6
What is the ten thousands digit of 1458220?
5
What is the ten thousands digit of 110451?
1
What is the ten thousands digit of 32507764?
0
What is the hundreds digit of 31743857?
8
What is the hundreds digit of 1416145?
1
What is the millions digit of 1806356?
1
What is the units digit of 91406?
6
What is the tens digit of 42776?
7
What is the millions digit of 11384228?
1
What is the tens digit of 2560627?
2
What is the hundreds digit of 130386?
3
What is the hundred thousands digit of 16438806?
4
What is the hundreds digit of 238893?
8
What is the units digit of 73689?
9
What is the hundreds digit of 1786808?
8
What is the ten thousands digit of 641634?
4
What is the tens digit of 1106994?
9
What is the hundred thousands digit of 1938056?
9
What is the ten thousands digit of 81321?
8
What is the units digit of 2124497?
7
What is the hundreds digit of 17776585?
5
What is the hundreds digit of 1256058?
0
What is the hundred thousands digit of 2548837?
5
What is the units digit of 8656242?
2
What is the hundreds digit of 163044?
0
What is the ten thousands digit of 227890?
2
What is the ten thousands digit of 12812401?
1
What is the ten thousands digit of 5185346?
8
What is the tens digit of 14254207?
0
What is the ten thousands digit of 6355798?
5
What is the thousands digit of 305835?
5
What is the units digit of 31694?
4
What is the ten thousands digit of 3832851?
3
What is the units digit of 82412?
2
What is the hundred thousands digit of 207720?
2
What is the hundreds digit of 1014618?
6
What is the ten millions digit of 12852209?
1
What is the units digit of 1197136?
6
What is the millions digit of 1829213?
1
What is the hundred thousands digit of 394843?
3
What is the thousands digit of 249408?
9
What is the thousands digit of 18959579?
9
What is the thousands digit of 3240835?
0
What is the millions digit of 35018515?
5
What is the ten thousands digit of 17916680?
1
What is the tens digit of 4944386?
8
What is the hundred thousands digit of 15486358?
4
What is the tens digit of 960732?
3
What is the ten thousands digit of 560477?
6
What is the thousands digit of 1481301?
1
What is the tens digit of 1741378?
7
What is the ten thousands digit of 16368155?
6
What is the hundred thousands digit of 999128?
9
What is the hundred thousands digit of 8900441?
9
What is the thousands digit of 1036097?
6
What is the thousands digit of 1715005?
5
What is the tens digit of 682634?
3
What is the ten thousands digit of 20759597?
5
What is the hundred thousands digit of 764861?
7
What is the tens digit of 22193963?
6
What is the units digit of 635084?
4
What is the tens digit of 3403820?
2
What is the hundreds digit of 125930?
9
What is the hundreds digit of 349229?
2
What is the ten thousands digit of 490154?
9
What is the tens digit of 155228?
2
What is the thousands digit of 270723?
0
What is the hundreds digit of 130769?
7
What is the thousands digit of 659072?
9
What is the units digit of 5257459?
9
What is the units digit of 345880?
0
What is the tens digit of 1407257?
5
What is the hundreds digit of 